*-3. Let x(o) = -o**2 + 5*o. Determine x(z).
0
Let p(l) = -3*l**2 + 8*l + 5. Suppose 92*a = 151 + 217. Calculate p(a).
-11
Suppose -14*o = -6*o + 16. Let c = 4 + o. Let u(i) = i - 1. Determine u(c).
1
Let o(x) = -x**3 - x + 20. Let v = 116 + -116. Determine o(v).
20
Let r be (5/6 + 1)*12. Let c(t) = t**2 - 21*t - 25. What is c(r)?
-3
Suppose -12 = 3*c + 2*t, -c + t - 3 = 2*t. Let p(s) = -s**2 - 6*s - 5. Calculate p(c).
-5
Let r(c) = 36*c**2. Let t = -1318 + 1317. Calculate r(t).
36
Let d(m) be the third derivative of -m**7/1680 + m**6/90 - m**5/5 - 6*m**2. Let r(v) be the third derivative of d(v). Calculate r(6).
-10
Let g = -32 - -35. Let s(x) = -x - 1. Let w(m) be the third derivative of m**4/8 - m**3/3 - m**2. Let d(l) = g*s(l) - w(l). Give d(-1).
5
Let c = -222 - -218. Let n(k) = -2*k**2 - 6*k - 3. Determine n(c).
-11
Suppose 0 = -5*k + 273 + 92. Suppose -77*d + 16 = -k*d. Let j(y) = -2*y**2 + 4*y - 2. Give j(d).
-18
Let x(u) = -7 + 30 - 15 + 12*u - u - 9. What is x(1)?
10
Let k(y) = -3*y + 4. Let u = -536 - -530. Determine k(u).
22
Let a(q) be the second derivative of 2*q**3 - q**2/2 + 3*q - 10. Determine a(-1).
-13
Let n(p) = 3*p**2 - 3*p + 1. Let u(b) = b**3 - 8*b**2 + 8*b - 5. Let a be u(7). Let r be a/(-1) - (-37 + 11). Suppose 4 = -22*y + r*y. Determine n(y).
7
Let g(t) = 2*t**2 - 27*t - 36. Let z be g(15). Let f(y) = -y**2 + 6*y - 6. Determine f(z).
-33
Let a(u) be the third derivative of u**6/30 - u**3/6 - 499*u**2. Calculate a(1).
3
Let d(r) = r**3 + r + 1. Let j = -51 + 79. Let x be (-9)/7 + 8/j. Let a(l) = 2*l**2 + 4*l - 3. Let u(h) = x*d(h) + a(h). What is u(3)?
-4
Suppose -5*z + 8*z + 18 = 0. Let f be ((-3)/1)/(9/z). Let u(x) = -16 - f*x + 28 - 12. Give u(1).
-2
Let o(i) = 32*i - 12. Let s(n) = -5*n + 2. Let a(m) = -o(m) - 6*s(m). Calculate a(2).
-4
Let w(c) = -c - 1. Let z be 1/(-1*(-3)/9). Suppose m - z*d = -4*d + 4, 4*m - 4*d - 24 = 0. Let s = m - -1. Give w(s).
-7
Let k(s) = s**3 - s**2 - s + 6. Let c(y) = 4*y - 7. Let z(i) = 7*i - 13. Let b(t) = -5*c(t) + 3*z(t). Let a be b(6). Suppose 0 = -3*r - a*r. Determine k(r).
6
Let m(r) = 6*r - 7. Let i be m(3). Suppose -3*k - 7 = i. Let n = k - -6. Let q(t) = -t**3 + t + 7. What is q(n)?
7
Suppose 5*c = 204 + 221. Let h(p) = -p - c*p**3 + 2*p**2 + 0*p**2 + 101*p**3. Determine h(1).
17
Let m(f) be the first derivative of f**4/12 + f**3/6 - 7*f**2/2 - 12*f - 13. Let k(v) be the first derivative of m(v). Give k(0).
-7
Let m be 2 + -1 - (-48 - -12). Let a(r) = 36*r**3 - 7*r**2 - m*r**3 + 8*r**2 - 1 + 2*r. Give a(-2).
7
Let h be 80/28*(0 - 7/(-2)). Suppose h*m + 11 = 1. Let b(c) = 15*c**2 + c. Calculate b(m).
14
Suppose 0*j - a = j - 1, 5*a - 2 = -4*j. Let c(z) = -4*z - 6*z + 8*z - z - z**2 + j. Calculate c(-6).
-15
Let h(u) = 2*u + 22. Let i(l) = 3*l + 33. Let y(v) = -7*h(v) + 5*i(v). Determine y(-9).
2
Suppose 2*g - g - 2*r = 8, 4*r - 4 = -3*g. Let k(s) = 37*s - 35*s - g + 1. What is k(6)?
9
Suppose 4*l + 24 = -0*l. Let y(i) be the second derivative of -i**3/6 + 3*i**2/2 + 120*i - 6. Calculate y(l).
9
Let z(v) = v**2 + 2*v - 1. Let m = -280 - -281. Calculate z(m).
2
Let f = 2 - 6. Let b(c) = -c**2 + 3*c + 2. Let w be b(3). Let g(h) = w*h**2 + 3*h + 6 - 6*h**2 - 2 - h**3 + 1. Calculate g(f).
-7
Let b(f) be the third derivative of f**4/12 + 4*f**3/3 + 4*f**2 + 4*f. Give b(-9).
-10
Let a(y) = 4*y + 1. Let o(r) be the first derivative of 3/2*r**2 + 1/4*r**4 + 2*r - 4/3*r**3 - 1. Let w be o(3). Determine a(w).
9
Let z(l) be the second derivative of -l**4/24 - l**3/2 - 37*l**2/2 + 39*l. Let u(t) be the first derivative of z(t). Calculate u(-4).
1
Let f(l) = 2*l**2 - 7*l - 6. Suppose 0 = 3*i + 5*t - 4, 71*t = -3*i + 72*t + 10. Calculate f(i).
-9
Let t(y) = -2*y + 11. Let g be t(5). Let v(r) = -6 - g - 3*r + 4*r + 2. Let w(p) = p - 1. Let u(n) = v(n) - 2*w(n). Determine u(-2).
-1
Let k(p) = p**3 - 8*p**2 + 5*p + 16. Let a be k(7). Suppose v - 4 = -j, -6*j = -a*j - 8. Let w(q) = 2*q**2 - 2. Calculate w(v).
6
Let m(g) = 142*g**2 - 143*g**2 - 17*g + 7*g + 15. Calculate m(-11).
4
Let m(d) = 3*d**2 - 83*d + 52. Let w be m(27). Let z(s) = -2*s**2 - 4*s - 6. What is z(w)?
-6
Suppose -2*n + 4*n = -n. Let f(b) = 4 + 0*b - 1 + b. Determine f(n).
3
Let r(n) = -n**2 + 5*n + 7. Let i(p) = -3*p + 2. Let v be i(-7). Suppose -v*x + 24 = -20*x. Suppose 0 = -4*o - 4*t, 2*o + 2 = -4*t - x. Give r(o).
7
Let j(x) = -17*x + 25. Let d be j(2). Let z be (2 - (-21)/d)*(-11 - 7). Let k(m) = -9 + m + 1 + 0. Determine k(z).
-2
Let r(b) = b**2 - 1. Let g(w) = 3*w**2 + 5*w - 9. Let s(o) = -g(o) + 4*r(o). Let t be (22/66)/((-2)/(-6)). Let p = 3 + t. Calculate s(p).
1
Let f(h) be the third derivative of 0*h + 1/30*h**5 - 15*h**2 + 1/24*h**6 + 1/6*h**3 + 0 + 1/12*h**4. Determine f(-1).
-4
Let c(y) be the second derivative of -y**3/3 - 3*y**2/2 - y. Let f be (-1 + -1)*(-10)/4. Suppose -5 + 15 = -f*n. Give c(n).
1
Let g(s) be the third derivative of -2/3*s**3 - 1/24*s**4 + 0 + 0*s + 11*s**2. Give g(3).
-7
Let o(i) = 15*i + 13*i - 29*i + 1. Let z(h) = -h**3 + 9*h**2 + 6*h - 3. Let y(w) = 4*o(w) - z(w). What is y(10)?
7
Let h(p) = p**3 - 3*p**2 - 7*p - 1. Let a = 135 + -130. Determine h(a).
14
Let u(z) = z**2 + 4*z - 1. Suppose 3*h + 6 = 0, -a - 3*a + h - 22 = 0. What is u(a)?
11
Let w(r) = r + 3. Let j be w(3). Let h be j/(-30) - 186/(-5). Let k = h - 41. Let m(q) = q + 1. Calculate m(k).
-3
Suppose -3*g = -5*t - 19, 2*g + 9 = 2*t + 19. Let y(o) be the first derivative of 5 + 1/2*o**2 + g*o. Give y(4).
7
Let v(b) = 67*b + 6290. Let m be v(-94). Let t(l) be the first derivative of -l**3/3 - 4*l**2 - 7*l - 1. Give t(m).
-7
Let r(a) = -1 + 6378*a - 6377*a + 1. Calculate r(-8).
-8
Let p(y) = -7 - 3 + 2 - y. Let d(z) = -z**2 + 65*z + 659. Let k be d(-9). Determine p(k).
-1
Let u = -88 - -90. Let h(t) = -t**3 - 13*t**u + 0*t**3 - 8*t - 16 - 6*t. Give h(-12).
8
Let x(j) = -j**2 - 8*j + 11. Suppose -4*z + 21 = -q, 5*q - 7*q - 12 = 2*z. Give x(q).
2
Let t(i) = 16*i**2 - 20*i - 5. Let u(n) = -3*n**2 + 4*n + 1. Let z(v) = -2*t(v) - 11*u(v). Let g be 4/(-2)*(-9)/6. Suppose 5*y + g = 23. Calculate z(y).
-1
Let l(c) = -12*c**3 + 25*c**2 - 58*c + 11. Let w(b) = 17*b**3 - 37*b**2 + 86*b - 15. Let p(n) = 7*l(n) + 5*w(n). Calculate p(5).
-3
Let s(o) = 2*o**3 - 4*o**2 + 9*o + 3. Let v(c) = -c**3 - c**2 + 2*c + 1. Let h(y) = -s(y) + 4*v(y). Calculate h(1).
-6
Let w be ((-24)/20)/((-2)/5). Suppose 3*i - 6 = 9, -w*n + 31 = 5*i. Suppose -2*d = 3*u + 10, 5*d + 10 = -u - n. Let l(g) = g**2 + 3*g + 2. Give l(d).
0
Let b(j) = -j**3 + 73*j**2 - 131*j + 4241. Let x be b(72). Let u(g) be the first derivative of g**3/3 + 2*g**2 + 4*g - 1. Calculate u(x).
25
Let s(w) = -4*w**2 - 4 - 6*w + 7 + 3*w**2. Suppose 0 = 19*x + 8*x - x + 156. Calculate s(x).
3
Let h(y) be the first derivative of -y**4/4 + 2*y**3/3 - 5*y**2/2 + 5*y + 118. Determine h(2).
-5
Let p be (3 + -2)/(3/81*-3). Let o(l) = -l**2 - 9*l - 6. What is o(p)?
-6
Let l(w) be the first derivative of -w**3/3 + 7*w + 34. Give l(5).
-18
Let w(l) = -2*l**3 - 6*l**2 - 6*l - 3. Let z(g) = -2*g**3 - 3*g**3 - 17*g**2 - 9 - 17*g + 0*g**3. Let t(q) = 8*w(q) - 3*z(q). Calculate t(4).
-1
Suppose -5*t + 60 = 5*o, -19 = 4*t - o - 52. Suppose 0 = -t*s - 19 + 64. Let b(j) = j**3 - 4*j**2 - 7*j + 7. What is b(s)?
-3
Let y = 6 + -3. Let d(s) = 3*s + s + 4 - y*s. Let h = -770 - -766. Give d(h).
0
Let m(v) be the second derivative of v**4/12 - 2*v**3/3 - v. Let a be (4/3)/((-1)/(-3)). Suppose a*i + 7*i - 44 = 0. Give m(i).
0
Let d(m) = -m - 3. Let r be (-4)/(-3) - 14/(-21). Suppose -10 = -2*v + r. Calculate d(v).
-9
Let y(p) be the first derivative of 0*p - 1/120*p**5 + 0*p**2 + 5/8*p**4 - 10 + 11/3*p**3. Let f(u) be the third derivative of y(u). Give f(0).
15
Let d(v) = -17*v + 4*v**2 - 2*v**2 + v**3 + 18*v - 4*v**2 + 3. What is d(3)?
15
Suppose 0 = -34*j + 39*j - 65. Let r(h) = -h**2 + 13*h - 3. Give r(j).
-3
Let d(c) be the third derivative of -c**6/120 - c**5/20 + c**3/3 - c**2. Let k(x) = 2*x + 3*x - 4*x - 10 + 1. Let o be k(6). Calculate d(o).
2
Suppose 0 = 2*x + 5*m - 27, x - 2*m + 9 = -0. Let h(t) = t**3 + t**2 - 4*t + 3. Determine h(x).
1
Suppose -13*r + 22*r = 18. Let p(l) = -4*l + 1. Let h(s) = -12*s + 2. Let n(y) = -2*h(y) + 7*p(y). Calculate n(r).
-5
Let y(a) = a**2 - 5*a - 10. Suppose 0 = -b + v + 4, -